-2)*2/(-1). Suppose -3*d = m*g - 1356, 7*g - 1349 = 4*g + 4*d. What is the tens digit of g?
5
Suppose -3*l + 5*f + 37 = 0, -5*f + 62 = 5*l - 53. Suppose -7791 = -l*w - 2*w. What is the tens digit of w?
7
What is the hundreds digit of 28/(16/(-20)*12/(-120))?
3
Let u(i) = -492*i - 11. Let b be u(-3). Suppose 4*j - b = -149. Suppose -2*a + j = a - x, -437 = -4*a + 3*x. What is the hundreds digit of a?
1
Let f = 14653 + -5842. What is the thousands digit of f?
8
Suppose -2*v - 18 = -2*o - 56, 0 = -o - 3. Let f be (1/1)/(v/(-32)). What is the hundreds digit of (f + (2 - 262))*-1?
2
Suppose -3*f + 368 = 4*c - 54300, -f + 5*c + 18267 = 0. What is the ten thousands digit of f?
1
Let y(r) = -353*r - 100. What is the thousands digit of y(-21)?
7
Suppose 122*x - 152*x + 97650 = 0. What is the thousands digit of x?
3
Let x = -19 + 24. Suppose 0 = y - g - 1 - 1, -30 = -3*y - x*g. What is the units digit of 0 - 72/(1 - y)?
8
Suppose 5*t - 115665 = -5*k, 5*k - 115721 = -9*t - 4*t. What is the units digit of k?
6
Suppose -9*w + 5997 = 372. Let j = 192 + w. What is the tens digit of j?
1
Let c(h) = 468*h**2 + 11*h + 11. Let g = -353 + 352. What is the units digit of c(g)?
8
Suppose 21*f - 56*f + 94119 = -181576. What is the thousands digit of f?
7
Let z(a) = 36*a**2 - 18*a - 407. What is the thousands digit of z(27)?
5
Let p = -90 + -11. Let j = 105 + p. Suppose j*i + 2*u = 418, -4*i + 4*u = -5*i + 101. What is the units digit of i?
5
Let m(r) = 10*r**2 + 60*r - 10. Let s be m(-6). What is the tens digit of ((-161)/(-14) + s)/((-2)/(-556))?
1
Suppose -4*j - 16 = -4*d, 2*j - j + 4*d - 16 = 0. Let i(x) = -x + 84. Let q be i(j). Let z = 5 + q. What is the units digit of z?
9
Let a = 3022 + 5059. What is the tens digit of a?
8
Let t(i) = -106*i + 2122. What is the thousands digit of t(-59)?
8
Let z(f) = 3*f**2 + 28*f + 9. Let g be z(-9). Suppose g = 6*h - 678 - 540. What is the hundreds digit of h?
2
What is the units digit of 58569/12 + 2/16*2?
1
Let t be 2 - (-69 + -1) - -3. Suppose -g + 12 = 3*u, -2*u + 7*u - 20 = -3*g. Suppose 70*l - t*l + 525 = g. What is the units digit of l?
5
Suppose 0 = -o + 22 - 17. Suppose -o*m = -2*m + 3. What is the units digit of (m + 1/(-1))/(4/(-6))?
3
Let p(m) = 6*m - 22. Suppose 0*u - 4*y - 36 = -4*u, 37 = 3*u - 5*y. Let c be p(u). Suppose -224 = -4*h - h - 4*l, h = -c*l + 40. What is the units digit of h?
8
Let v = 94746 + -33372. What is the units digit of v?
4
Let w(v) = v**3 + 7*v**2 - 13*v - 20. Let c be w(-8). Suppose -4*p + 1272 = -0*p - 3*g, 5*g + c = 0. What is the hundreds digit of p?
3
Suppose 18*h = 16*h + 94. Let i = h + -45. Suppose -i*w = -2, q + q + 4*w = 580. What is the units digit of q?
8
Let m(h) be the third derivative of h**5/6 + 7*h**4/24 - 5*h**3/6 + 7*h**2. Let l(w) = -8*w + 90. Let o be l(11). What is the units digit of m(o)?
9
Let f be (18/12 - -3)*(4 - 2). Suppose -f*x + 2084 = -9400. What is the units digit of x?
6
Suppose -49*b + 618131 = -82422. What is the tens digit of b?
9
Suppose -100*i + 43*i + 8151 = 0. What is the units digit of i?
3
Let a = 48 - 78. Let r be ((-6)/(-4))/((-9)/a). Suppose 99 = f + r. What is the tens digit of f?
9
Suppose -25*s - 3*i + 10430 = -24*s, -4*i = 5*s - 52128. What is the ten thousands digit of s?
1
What is the units digit of 3/39*(-119 + 158)?
3
Suppose 0 = -5*p + 4*p + 210. Suppose -4*o + 30 = -3*o - 3*z, 0 = -5*o + 3*z + p. Suppose 0 = -q - 3*s + s + 6, 5*q - o = 5*s. What is the units digit of q?
8
Let f = 316 - 316. Suppose -2*g + g + a + 312 = f, 0 = 3*g + a - 940. What is the tens digit of g?
1
Let f = 648 - 642. Let b(h) = 4*h**3 - 4*h**2 - 16*h - 7. What is the tens digit of b(f)?
1
Let u = -93 - -122. Let x = -24 + u. Suppose -268 = -z - 2*z - 2*r, 2*z - x*r = 166. What is the tens digit of z?
8
Let l = -13000 - -30503. What is the hundreds digit of l?
5
Let i(w) = 2*w**2 + 79*w + 48. Let u be i(-39). Let z(j) = 60*j - 106. What is the units digit of z(u)?
4
Suppose -13*v + 1809 = 14*v. Suppose 3*l = 6, -3*y + v = 11*l - 15*l. What is the tens digit of y?
2
Suppose -3*v + 4*b = 470 + 1121, 2*b + 2092 = -4*v. Let h = 1061 + v. What is the hundreds digit of h?
5
Let y(x) = -27*x - 25. Let n(v) = 14*v + 13. Let f(k) = -2*k**2 + 5*k - 1. Let a be f(4). Let t(p) = a*n(p) - 6*y(p). What is the tens digit of t(-4)?
6
Let o = -5160 - -5324. Let v be 261 - -2*(-2)/4. Let h = v - o. What is the tens digit of h?
9
Suppose 0 = -d - 4*n - n - 22, 5*n = d - 8. Let u(v) = 4*v**2 + 2*v - 23. Let h be u(d). Let w = h + -63. What is the tens digit of w?
9
Let c(f) = -964*f - 3245. What is the tens digit of c(-20)?
3
Let q be 15/3*22/2. Let h be 32/6*(q/(-10) + 4). Let a(c) = 3*c**2 - c - 54. What is the tens digit of a(h)?
4
Suppose -c + 42 = 5*p, 2*c = -4*p + 3*p + 3. Let x(a) = -8*a + 2. Let h(o) = 16*o - 5. Let y(l) = p*x(l) + 4*h(l). What is the units digit of y(-4)?
0
Suppose 91360 = 4*g + 4*z, -z + 44145 + 24377 = 3*g. Suppose 0*r - 13*r = -g. What is the hundreds digit of r?
7
Let b(w) = -17*w**2 - 6*w - 12. Let y = 13 - 9. Let h(x) = -8*x**2 - 3*x - 6. Let o(z) = y*b(z) - 9*h(z). What is the units digit of o(4)?
2
Let g(m) = 342*m + 144. Let s(k) = -7*k - 3. Let a(y) = -6*g(y) - 297*s(y). What is the tens digit of a(7)?
1
Let s(b) = 1324*b + 246. What is the tens digit of s(10)?
8
Let v(c) be the first derivative of c**4/4 + 10*c**3/3 - 19*c**2 - 11*c - 46. What is the hundreds digit of v(-7)?
4
What is the thousands digit of ((-2476296)/(-108))/(-2 - (-16)/6)?
4
Let x(s) = -12*s - s**2 - 10*s**3 + 9 - s**2 + 18*s - 3*s. What is the hundreds digit of x(-3)?
2
Suppose -2*c = o - 10, 0 = 2*o - o. Suppose 14*a - 4*l + 125 = 15*a, -3*l = -c*a + 625. What is the units digit of a?
5
Let x = 17495 - 5578. What is the units digit of x?
7
Let n = -1965 + 940. Let d = n + 2066. What is the tens digit of d?
4
Let q be 6*((-17)/(-3) + -5). Suppose -3*u - q*u + 672 = 0. What is the units digit of u?
6
Let k = 88 + -79. What is the tens digit of -1 - (-2 + -174 + (k - 5))?
7
Let v be 5/((-1)/((-4)/10)). Suppose -19 = -5*u + 3*g + v, -5*g = 2*u + 4. What is the units digit of u?
3
What is the hundreds digit of (5 - (19/(-95) - (-22)/10)) + 8510?
5
Let o be 6/(-4) - (-570)/(-20). Let a = 36 - o. Let i = a - -3. What is the tens digit of i?
6
Suppose -2*a - 386 = 5*r, 2*a + 2*r + 804 = -2*a. What is the tens digit of a/(-29) + 52*14?
3
Suppose 2*s = -15 + 33. Suppose s*r + r = 330. What is the units digit of r?
3
Let a = 487 - 489. What is the units digit of 54*((-47)/a + (5 - 9))?
3
Suppose 12*q - 225799 + 10663 = 0. What is the ten thousands digit of q?
1
Let c(a) = 5*a + 20. Let j be c(-4). Suppose 3*x - 16*x + 8073 = j. What is the units digit of x?
1
Let w(d) be the second derivative of 2*d**3/3 - 9*d**2/2 - 13*d. Let m be w(3). What is the tens digit of 111*(m + 32/(-12))?
3
Suppose -10864 + 302148 = 103*n. What is the units digit of n?
8
Let f(c) = 1738*c - 859. What is the thousands digit of f(17)?
8
Suppose 62*u = 7*u + 181208 + 50782. What is the tens digit of u?
1
Suppose 2*g = 1856 + 714. Suppose g = 4*p - 1131. What is the units digit of p?
4
Let x(s) be the second derivative of 7*s**4/6 + 57*s**2/2 + 201*s. What is the tens digit of x(8)?
5
Let r(m) = -m - 6. Let o(x) = -x + 1. Let c(v) = -v + 6. Let t be c(7). Let k(u) = t*r(u) - 2*o(u). What is the tens digit of k(19)?
6
Suppose -59*d + 53*d + 2344950 = 84*d. What is the thousands digit of d?
6
Suppose 1672988 + 1272409 = 180*l + 93*l. What is the hundreds digit of l?
7
Let s be (-684)/(-14) + 12/84. Suppose s = q - 14. What is the tens digit of q?
6
Let k(p) = 588*p**3 + 2*p**2 - 124*p + 359. What is the units digit of k(3)?
1
Let y = 74443 + -51975. What is the thousands digit of y?
2
Suppose 3*j - 5254 = 2*h, 2*h - 8 + 6 = 0. Let i = j + -1128. What is the units digit of i?
4
Let q(m) = 4*m - 2*m + 2*m + 24. Let d(f) = -f**3 + f**2 - 91*f. Let s be d(0). What is the tens digit of q(s)?
2
Suppose -254 = 6*z + 34. Let v(n) = n - 1. Let j(d) = -18*d + 8. Let i(l) = z*v(l) - 3*j(l). What is the units digit of i(9)?
8
Let j(n) = 142*n + 591. What is the thousands digit of j(25)?
4
Let a(y) = y**3 + 7*y**2 + 3*y + 3. Let t be a(-6). Suppose 24*h = t*h + 6. Suppose 0 = -h*k - 4*g + 244, 204 = 4*k + 3*g - 304. What 